1457 is divided by 807?
650
What is the remainder when 99222 is divided by 23?
0
Calculate the remainder when 11158 is divided by 446.
8
What is the remainder when 65665 is divided by 1134?
1027
Calculate the remainder when 84867 is divided by 103.
98
Calculate the remainder when 3807 is divided by 1224.
135
Calculate the remainder when 2182 is divided by 110.
92
Calculate the remainder when 1420 is divided by 523.
374
Calculate the remainder when 757953 is divided by 166.
163
Calculate the remainder when 10248 is divided by 250.
248
What is the remainder when 73834 is divided by 355?
349
Calculate the remainder when 43248 is divided by 183.
60
Calculate the remainder when 936087 is divided by 135.
132
What is the remainder when 300993 is divided by 37?
35
What is the remainder when 268932 is divided by 35?
27
What is the remainder when 1028918 is divided by 45?
38
Calculate the remainder when 1925 is divided by 264.
77
What is the remainder when 2531334 is divided by 882?
876
What is the remainder when 22754 is divided by 75?
29
Calculate the remainder when 88381 is divided by 22086.
37
Calculate the remainder when 1077092 is divided by 15.
2
What is the remainder when 21337558 is divided by 60?
58
What is the remainder when 312578 is divided by 26?
6
Calculate the remainder when 281233 is divided by 88.
73
Calculate the remainder when 3759 is divided by 379.
348
Calculate the remainder when 174257 is divided by 3869.
152
Calculate the remainder when 38263 is divided by 814.
5
Calculate the remainder when 422735 is divided by 330.
5
Calculate the remainder when 21064 is divided by 254.
236
What is the remainder when 109232 is divided by 102?
92
Calculate the remainder when 3702 is divided by 1233.
3
Calculate the remainder when 3105 is divided by 3064.
41
Calculate the remainder when 4413 is divided by 294.
3
Calculate the remainder when 16405 is divided by 108.
97
What is the remainder when 317093 is divided by 99?
95
What is the remainder when 64121 is divided by 241?
15
What is the remainder when 6913 is divided by 2179?
376
Calculate the remainder when 443380 is divided by 221680.
20
Calculate the remainder when 8903 is divided by 2963.
14
What is the remainder when 5068 is divided by 230?
8
Calculate the remainder when 12220 is divided by 347.
75
What is the remainder when 17746 is divided by 810?
736
Calculate the remainder when 238468 is divided by 7226.
10
What is the remainder when 219 is divided by 146?
73
What is the remainder when 3393 is divided by 137?
105
What is the remainder when 107827 is divided by 10?
7
What is the remainder when 25417 is divided by 8462?
31
What is the remainder when 2835 is divided by 358?
329
Calculate the remainder when 156191 is divided by 117.
113
Calculate the remainder when 16619 is divided by 33.
20
Calculate the remainder when 174941 is divided by 81.
62
Calculate the remainder when 84670 is divided by 6512.
14
Calculate the remainder when 30880 is divided by 87.
82
What is the remainder when 2470 is divided by 24?
22
What is the remainder when 1262 is divided by 203?
44
What is the remainder when 12108 is divided by 7?
5
What is the remainder when 1713 is divided by 30?
3
Calculate the remainder when 34875 is divided by 895.
865
What is the remainder when 110720 is divided by 845?
25
Calculate the remainder when 293197 is divided by 6.
1
What is the remainder when 92788 is divided by 45?
43
Calculate the remainder when 27728 is divided by 12.
8
What is the remainder when 112339 is divided by 57?
49
What is the remainder when 4644 is divided by 81?
27
What is the remainder when 112791 is divided by 385?
371
Calculate the remainder when 142194 is divided by 93.
90
What is the remainder when 42131 is divided by 14041?
8
What is the remainder when 699982 is divided by 48?
46
What is the remainder when 2614 is divided by 118?
18
What is the remainder when 18126 is divided by 44?
42
What is the remainder when 24114 is divided by 120?
114
What is the remainder when 297 is divided by 272?
25
What is the remainder when 172158 is divided by 533?
532
What is the remainder when 1320 is divided by 247?
85
Calculate the remainder when 20235 is divided by 235.
25
Calculate the remainder when 30548 is divided by 25.
23
Calculate the remainder when 16702 is divided by 12.
10
What is the remainder when 13259 is divided by 3208?
427
What is the remainder when 456950 is divided by 340?
330
Calculate the remainder when 56862 is divided by 147.
120
What is the remainder when 36194 is divided by 95?
94
Calculate the remainder when 802 is divided by 148.
62
What is the remainder when 4909 is divided by 307?
304
Calculate the remainder when 1410 is divided by 158.
146
What is the remainder when 3287 is divided by 117?
11
Calculate the remainder when 5974 is divided by 76.
46
Calculate the remainder when 153064 is divided by 975.
964
Calculate the remainder when 11081 is divided by 226.
7
Calculate the remainder when 42923 is divided by 14268.
119
Calculate the remainder when 5412 is divided by 923.
797
Calculate the remainder when 6706 is divided by 267.
31
Calculate the remainder when 22324 is divided by 22279.
45
Calculate the remainder when 25114 is divided by 8362.
28
What is the remainder when 231430 is divided by 399?
10
Calculate the remainder when 103347 is divided by 14.
13
Calculate the remainder when 154601 is divided by 27.
26
Calculate the remainder when 4970 is divided by 199.
194
Calculate the remainder when 20911 is divided by 5218.
39
What is the remainder when 182661 is divided by 725?
686
What is the remainder when 29163 is divided by 5828?
23
Calculate the remainder when 488965 is divided by 45.
40
Calculate the remainder when 22123 is divided by 2210.
23
What is the remainder when 3391375 is divided by 830?
825
Calculate the remainder when 2241089 is divided by 74.
73
What is the remainder when 9709 is divided by 41?
33
What is the remainder when 10492 is divided by 38?
4
Calculate the remainder when 29248 is divided by 75.
73
What is the remainder when 26976 is divided by 23?
20
Calculate the remainder when 57987 is divided by 467.
79
What is the remainder when 13360 is divided by 558?
526
What is the remainder when 4068 is divided by 47?
26
What is the remainder when 28233 is divided by 181?
178
Calculate the remainder when 2768 is divided by 275.
18
Calculate the remainder when 1662 is divided by 1063.
599
What is the remainder when 15619 is divided by 600?
19
Calculate the remainder when 220603 is divided by 77.
75
What is the remainder when 723 is divided by 6?
3
Calculate the remainder when 293662 is divided by 42.
40
What is the remainder when 13120 is divided by 13037?
83
What is the remainder when 14709 is divided by 20?
9
Calculate the remainder when 11339 is divided by 266.
167
Calculate the remainder when 29372 is divided by 358.
16
What is the remainder when 177759 is divided by 55?
54
What is the remainder when 11986 is divided by 5831?
324
Calculate the remainder when 46896 is divided by 175.
171
Calculate the remainder when 9914 is divided by 1978.
24
What is the remainder when 3397 is divided by 129?
43
Calculate the remainder when 5696 is divided by 5541.
155
Calculate the remainder when 3000 is divided by 2914.
86
What is the remainder when 228107 is divided by 31?
9
What is the remainder when 29178 is divided by 633?
60
What is the remainder when 2576 is divided by 2408?
168
What is the remainder when 12883 is divided by 67?
19
Calculate the remainder when 1941306 is divided by 64.
58
Calculate the remainder when 19141 is divided by 8.
5
Calculate the remainder when 391844 is divided by 399.
26
What is the remainder when 10501 is divided by 5041?
419
What is the remainder when 3327 is divided by 306?
267
Calculate the remainder when 1529 is divided by 29.
21
What is the remainder when 6466 is divided by 647?
643
Calculate the remainder when 315340 is divided by 13.
12
What is the remainder when 87312 is divided by 949?
4
Calculate the remainder when 135 is divided by 130.
5
Calculate the remainder when 6776 is divided by 877.
637
Calculate the remainder when 277543 is divided by 277536.
7
What is the remainder when 89259 is divided by 346?
337
Calculate the remainder when 40